-12620432?
12620421
In base 3, what is -22020222021112 + -111?
-22020222022000
In base 16, what is -2 + 7fbba20?
7fbba1e
In base 6, what is -142 + 100004344?
100004202
In base 15, what is 5 + -d49a82?
-d49a7c
In base 14, what is -8c3aa61 - 2?
-8c3aa63
In base 8, what is 234075 + 2401?
236476
In base 14, what is 3 + 3a3d4a3?
3a3d4a6
In base 13, what is -25 + 42937?
42912
In base 11, what is -165447a - -11?
-1654469
In base 16, what is -8c + -7db1?
-7e3d
In base 10, what is 6141966 + -3?
6141963
In base 9, what is -178415714 - 4?
-178415718
In base 16, what is -1cb - -1c0eff?
1c0d34
In base 14, what is 1 - 83d08a0?
-83d089d
In base 3, what is 0 + 11100221221012101?
11100221221012101
In base 11, what is 4 + 651224?
651228
In base 15, what is a0d43 - -20?
a0d63
In base 16, what is -d - 18154a?
-181557
In base 7, what is 23532 - 454062?
-430230
In base 11, what is -323670 - -76?
-3235a5
In base 5, what is -1 + 313140412234?
313140412233
In base 13, what is -11 - 1773a?
-1774b
In base 14, what is 353 - 345570?
-34521b
In base 6, what is 42150 + -2120535?
-2034345
In base 16, what is 17e78b4 - -9?
17e78bd
In base 2, what is -1 - -1000110100100101101001000101?
1000110100100101101001000100
In base 15, what is -185 + 1b8c?
1a07
In base 16, what is -12e2ca - -1ce?
-12e0fc
In base 7, what is -5005014 - -2?
-5005012
In base 13, what is -c563c - 25?
-c5664
In base 13, what is 328a00326 + 5?
328a0032b
In base 10, what is -53276 - -1128?
-52148
In base 9, what is -15286 - 2407?
-17704
In base 13, what is 2a + -47543?
-47516
In base 5, what is 143014230 - 24?
143014201
In base 15, what is -2c63 + 4e?
-2c14
In base 2, what is -101 - -1010011001000010101000010101?
1010011001000010101000010000
In base 13, what is -15 + -2944c?
-29464
In base 6, what is -1550 + 1200405?
1154415
In base 5, what is 0 + -400334211?
-400334211
In base 10, what is 352926 + 1?
352927
In base 3, what is -10102011020122 + -1021?
-10102011021220
In base 13, what is 3c5 - -c01?
12c6
In base 6, what is -412 + 224542?
224130
In base 10, what is 46222 + -107?
46115
In base 2, what is -10001 + 111010110001100010110111?
111010110001100010100110
In base 9, what is -22 - 46636?
-46658
In base 13, what is 1c3359a8 + 4?
1c3359ac
In base 16, what is 0 - 98097?
-98097
In base 15, what is 5 - -ad54468?
ad5446d
In base 13, what is c30051 - -4?
c30055
In base 16, what is -2e614 + 378?
-2e29c
In base 11, what is 4a + -167216?
-167177
In base 10, what is -5 - 33193396?
-33193401
In base 14, what is -3 - 66615d?
-666162
In base 15, what is -1 - -1d7a98?
1d7a97
In base 14, what is 2 + d20479c?
d2047a0
In base 5, what is 332013022243 + -3?
332013022240
In base 11, what is 94 - 1459?
-1375
In base 4, what is -231332021 - 10231?
-232002312
In base 13, what is -4 - -526ba8?
526ba4
In base 6, what is 1 - 1301332031?
-1301332030
In base 11, what is 52a474 + 3?
52a477
In base 11, what is -1 - -75a465?
75a464
In base 9, what is -1 + 374040252?
374040251
In base 12, what is 6937 + 16b?
6aa6
In base 8, what is -40660253 - -23?
-40660230
In base 13, what is -9582 - 66b0?
-12c62
In base 8, what is 17775 - -2415?
22412
In base 8, what is 57567 - -2624?
62413
In base 2, what is -110 + -1111101110110011011?
-1111101110110100001
In base 7, what is 12 + 22506334?
22506346
In base 6, what is -21 + -5130042210?
-5130042231
In base 11, what is 26 + 23a9?
2424
In base 11, what is 352 + -106398?
-106046
In base 4, what is -221122 + -132130?
-1013312
In base 2, what is 100111100100 + -1101001111010010?
-1100100111101110
In base 6, what is 42 + 351324?
351410
In base 12, what is -19 + -6050a4?
-605101
In base 11, what is 1094a9 + -252a?
106a7a
In base 15, what is 3838 + 388?
3bc1
In base 5, what is -224 - 100043212?
-100043441
In base 2, what is -1001001110110 + -100101111?
-1001110100101
In base 4, what is 12 + 1000302233312?
1000302233330
In base 3, what is -22200 + 120202010110?
120201210210
In base 5, what is 21221310231 - 4?
21221310222
In base 5, what is -2202040403 - 104?
-2202041012
In base 11, what is 149800 - 54?
149757
In base 3, what is 11 + -10012210102112?
-10012210102101
In base 9, what is -10 + -4055874?
-4055884
In base 11, what is -70a659 - -39?
-70a620
In base 5, what is -3 + -21104310142?
-21104310200
In base 4, what is 23023201300 - -21?
23023201321
In base 9, what is 224 - -2647870?
2648204
In base 9, what is 40 + -3473056?
-3473016
In base 13, what is -2a75a - 15?
-2a772
In base 6, what is -14030 - -103500?
45430
In base 5, what is -13314 - 302344?
-321213
In base 2, what is 1000111001010010101001101010 + 10?
1000111001010010101001101100
In base 13, what is -356 + -a2b8?
-a641
In base 8, what is 4472616 + -67?
4472527
In base 6, what is 245441 - -25?
245510
In base 8, what is -1260541141 + -4?
-1260541145
In base 9, what is -36 - 1170453?
-1170500
In base 15, what is 20db4 - 7?
20dac
In base 10, what is 6834 + -94555?
-87721
In base 12, what is -b0 - -50616?
50526
In base 5, what is 2 + 1001040322441?
1001040322443
In base 12, what is -284 - 346?
-60a
In base 4, what is -201200120 - -210?
-201133310
In base 3, what is 110021 + 10002012?
10112110
In base 8, what is 127 - -16564?
16713
In base 5, what is -1 - 240424440444?
-240424441000
In base 6, what is -34351 - 1031?
-35422
In base 10, what is 35804 + -311?
35493
In base 4, what is 2033203312201 - -112?
2033203312313
In base 15, what is -74d - -1c20?
14c2
In base 2, what is 1001 + 10011100011100100000100?
10011100011100100001101
In base 9, what is 6200 + -41754?
-34554
In base 11, what is 1a + -21506039?
-2150601a
In base 4, what is -20122030123 - 103?
-20122030232
In base 15, what is 807b3c - 1?
807b3b
In base 15, what is 100 - bc890?
-bc790
In base 14, what is 6 - 5dc8?
-5dc2
In base 15, what is 2 - 6e68b8?
-6e68b6
In base 15, what is 7556 + 141?
7697
In base 4, what is 120 + -1312012030223?
-1312012030103
In base 7, what is 464014 - 242?
463442
In base 3, what is 101201 + 2001220200101?
2001221002002
In base 7, what is 4 + -22102643?
-22102636
In base 3, what is -10 + 121100102202110?
121100102202100
In base 11, what is 20213101 - -17?
20213118
In base 11, what is 6210 + -a12?
52a9
In base 5, what is -213331 - 102411?
-321242
In base 6, what is -303225325305 + 4?
-303225325301
In base 15, what is -31e2 - 4c2?
-36b4
In base 11, what is -10442 + 911?
-a631
In base 15, what is -2603 - -e10?
-16e3
In base 13, what is -1a20 - -80?
-1970
In base 3, what is 1011 - 202210022121011?
-202210022120000
In base 12, what is -6 - -11948334?
1194832a
In base 12, what is 69196685 - 0?
69196685
In base 9, what is 324773 - 611?
324162
In base 15, what is 10d + -1dbeee?
-1dbde1
In base 4, what is -2031211111200 - -2?
-2031211111132
In base 7, what is 1 - -1413415211?
1413415212
In base 6, what is 55542413 - 112?
55542301
In base 15, what is -8 + -4d61e?
-4d627
In base 3, what is -20022200022 + 110111?
-20022012211
In base 5, what is 3424300 + 33103?
4012403
In base 11, what is -16 + -16a541?
-16a557
In base 12, what is -1 - 45b67a?
-45b67b
In base 7, what is -100 - -156122322?
156122222
In base 14, what is -386b635 - 2?
-386b637
In base 16, what is -6057f - e?
-6058d
In base 2, what is 11 - 101110001000000111101010111?
-101110001000000111101010100
In base 6, what is -1143401132 - -1?
-1143401131
In base 3, what is -2112122211112 - 121?
-2112122212010
In base 5, what is -32 + -130342341?
-130342423
In base 10, what is 712 - -227454?
228166
In base 8, what is 25 + 11052546?
11052573
In base 6, what is 4 + -11222313240?
-11222313232
In base 8, what is -352215 + -362?
-352577
In base 12, what is -1357 + 3614?
2279
In base 8, what is -16772061016 + -1?
-16772061017
In base 3, what is 1221 - -122202012?
122211010
In base 5, what is -1 - 11321041230?
-11321041231
In base 11, what is 25821 - -a18?
26739
In base 5, what is 13433211 - -4442?
13443203
In base 7, what is -1526566603 + 5?
-1526566565
In base 14, what is 24 + -1a3027?
-1a3003
In base 12, what is -12 - 248969a?
-24896b0
In base 12, what is 2 - -121b702b?
121b7031
In base 13, what is 7a7c8891 + 1?
7a7c8892
In base 14, what is d - 2701?
-26d2
In base 8, what is 44173754 - 3?
44173751
In base 4, what is -2330222 + 10001232?
1011010
In base 11, what is 8aa773290 + 4?
8aa773294
In base 3, what is -2002100020002020 - 12?
-2